{"id":8015,"date":"2020-12-09T22:22:48","date_gmt":"2021-01-13T13:44:45","guid":{"rendered":"https:\/\/raduart.com\/?post_type=product&#038;p=8015"},"modified":"2024-10-03T21:05:56","modified_gmt":"2024-10-03T19:05:56","slug":"wadi-rum-v-radu-maier","status":"publish","type":"product","link":"https:\/\/raduart.com\/ro\/opere-de-arta\/wadi-rum-v-radu-maier\/","title":{"rendered":"Radu Maier: &#8222;Wadi Rum V&#8221; (2013)"},"content":{"rendered":"<h3>Despre artist<\/h3>\n<p>\u2022 Pictor contemporan consacrat<br \/>\n\u2022 Laureat al mai multor premii cultural-artistice<br \/>\n\u2192 <a title=\"Despre pictorul contemporan Radu Maier\" href=\"https:\/\/raduart.com\/ro\/pictorul-roman-contemporan-radu-maier\/\">Portret de artist<\/a><\/p>\n<h3>Ave\u021bi \u00eentreb\u0103ri?<\/h3>\n<p>\u00centreb\u0103ri \u0219i r\u0103spunsuri frecvente \u00een leg\u0103tur\u0103 cu achizi\u021bionarea operelor de art\u0103 \u00een galeria noastr\u0103 online.<br \/>\n<a class=\"woo-continue width\" title=\"\u00centreb\u0103ri despre picturi pe p\u00e2nz\u0103 \u0219i cump\u0103rarea lor\" href=\"https:\/\/raduart.com\/ro\/faq-tablouri-de-vanzare-online\/\">\u2192 Zu den FAQs<\/a><\/p>\n","protected":false},"excerpt":{"rendered":"<p>Despre artist \u2022 Pictor contemporan consacrat \u2022 Laureat al mai multor premii cultural-artistice \u2192 Portret de artist Ave\u021bi \u00eentreb\u0103ri? \u00centreb\u0103ri \u0219i r\u0103spunsuri frecvente \u00een leg\u0103tur\u0103 cu achizi\u021bionarea operelor de art\u0103 \u00een galeria noastr\u0103 online. \u2192 &#8230; <\/p>\n<p class=\"read-more-container\"><a title=\"Radu Maier: &#8222;Wadi Rum V&#8221; (2013)\" class=\"read-more button\" href=\"https:\/\/raduart.com\/ro\/opere-de-arta\/wadi-rum-v-radu-maier\/#more-8015\" aria-label=\"Cite\u0219te mai multe despre Radu Maier: &#8222;Wadi Rum V&#8221; (2013)\">Read more<\/a><\/p>\n","protected":false},"featured_media":5476,"template":"","meta":{"_acf_changed":false,"pgc_sgb_lightbox_settings":""},"product_brand":[],"product_cat":[50,63],"product_tag":[],"class_list":{"0":"post-8015","1":"product","2":"type-product","3":"status-publish","4":"has-post-thumbnail","6":"product_cat-peisaje","7":"product_cat-peisaje-meditative","8":"infinite-scroll-item","9":"sales-flash-overlay","10":"woocommerce-text-align-left","11":"woocommerce-image-align-center","12":"do-quantity-buttons","14":"first","15":"instock","16":"shipping-taxable","17":"product-type-simple"},"acf":[],"_links":{"self":[{"href":"https:\/\/raduart.com\/ro\/wp-json\/wp\/v2\/product\/8015","targetHints":{"allow":["GET"]}}],"collection":[{"href":"https:\/\/raduart.com\/ro\/wp-json\/wp\/v2\/product"}],"about":[{"href":"https:\/\/raduart.com\/ro\/wp-json\/wp\/v2\/types\/product"}],"wp:featuredmedia":[{"embeddable":true,"href":"https:\/\/raduart.com\/ro\/wp-json\/wp\/v2\/media\/5476"}],"wp:attachment":[{"href":"https:\/\/raduart.com\/ro\/wp-json\/wp\/v2\/media?parent=8015"}],"wp:term":[{"taxonomy":"product_brand","embeddable":true,"href":"https:\/\/raduart.com\/ro\/wp-json\/wp\/v2\/product_brand?post=8015"},{"taxonomy":"product_cat","embeddable":true,"href":"https:\/\/raduart.com\/ro\/wp-json\/wp\/v2\/product_cat?post=8015"},{"taxonomy":"product_tag","embeddable":true,"href":"https:\/\/raduart.com\/ro\/wp-json\/wp\/v2\/product_tag?post=8015"}],"curies":[{"name":"wp","href":"https:\/\/api.w.org\/{rel}","templated":true}]}}

<h3>Despre artist</h3>
<p>• Pictor contemporan consacrat<br />
• Laureat al mai multor premii cultural-artistice<br />
→ <a title="Despre pictorul contemporan Radu Maier" href="https://raduart.com/ro/pictorul-roman-contemporan-radu-maier/">Portret de artist</a></p>
<h3>Aveți întrebări?</h3>
<p>Întrebări și răspunsuri frecvente în legătură cu achiziționarea operelor de artă în galeria noastră online.<br />
<a class="woo-continue width" title="Întrebări despre picturi pe pânză și cumpărarea lor" href="https://raduart.com/ro/faq-tablouri-de-vanzare-online/">→ Zu den FAQs</a></p>

<p>Despre artist • Pictor contemporan consacrat • Laureat al mai multor premii cultural-artistice → Portret de artist Aveți întrebări? Întrebări și răspunsuri frecvente în legătură cu achiziționarea operelor de artă în galeria noastră online. → &#8230; </p>
<p class="read-more-container"><a title="Radu Maier: &#8222;Wadi Rum V&#8221; (2013)" class="read-more button" href="https://raduart.com/ro/opere-de-arta/wadi-rum-v-radu-maier/#more-8015" aria-label="Citește mai multe despre Radu Maier: &#8222;Wadi Rum V&#8221; (2013)">Read more</a></p>
