{"id":7870,"date":"2019-06-26T10:49:10","date_gmt":"2021-01-07T18:36:29","guid":{"rendered":"https:\/\/raduart.com\/?post_type=product&#038;p=7870"},"modified":"2024-10-03T21:05:57","modified_gmt":"2024-10-03T19:05:57","slug":"pictura-nud-brat-narativ-radu-maier","status":"publish","type":"product","link":"https:\/\/raduart.com\/ro\/opere-de-arta\/pictura-nud-brat-narativ-radu-maier\/","title":{"rendered":"Radu Maier: &#8222;Bra\u021b narativ&#8221; (2010). Pictur\u0103 nud"},"content":{"rendered":"<h3>DESPRE PICTURA NUD DE RADU MAIER<\/h3>\n<p><strong>Stil:<\/strong> pictur\u0103 nud de femeie, nud pictat in tehnic\u0103 mixt\u0103.<br \/>\n<strong>Edi\u021bie:<\/strong> unicat. Semnat \u0219i datat. Cu certificat de autenticitate. Semn\u0103tura artistului \u00een dreapta jos.<br \/>\n<strong>Prelucrare:<\/strong> pictur\u0103 pe p\u00e2nz\u0103 \u00eentins\u0103 pe \u0219asiu.<br \/>\n<strong>\u00cencadrare:<\/strong> pictur\u0103 f\u0103r\u0103 ram\u0103.<\/p>\n<h3>DESPRE ARTIST<\/h3>\n<p>\u2022 Pictor profesionist<br \/>\n\u2022 Laureat al mai multor premii culturale-artistice<br \/>\n\u2192 <a title=\"Despre pictorul contemporan Radu Maier\" href=\"https:\/\/raduart.com\/ro\/pictorul-roman-contemporan-radu-maier\/\">Portret de artist<\/a><\/p>\n<h3>AVE\u021aI \u00ceNTREB\u0102RI?<\/h3>\n<p>Citi\u021bi aici cele mai frecvente \u00eentrebar\u0103 \u0219i r\u0103spunsuri.<br \/>\n<a class=\"woo-continue width\" title=\"\u00centreb\u0103ri despre picturi pe p\u00e2nz\u0103\" href=\"https:\/\/raduart.com\/ro\/faq-tablouri-de-vanzare-online\/\">\u2192 FAQ<\/a><\/p>\n","protected":false},"excerpt":{"rendered":"<p>DESPRE PICTURA NUD DE RADU MAIER Stil: pictur\u0103 nud de femeie, nud pictat in tehnic\u0103 mixt\u0103. Edi\u021bie: unicat. Semnat \u0219i datat. Cu certificat de autenticitate. Semn\u0103tura artistului \u00een dreapta jos. Prelucrare: pictur\u0103 pe p\u00e2nz\u0103 \u00eentins\u0103 &#8230; <\/p>\n<p class=\"read-more-container\"><a title=\"Radu Maier: &#8222;Bra\u021b narativ&#8221; (2010). Pictur\u0103 nud\" class=\"read-more button\" href=\"https:\/\/raduart.com\/ro\/opere-de-arta\/pictura-nud-brat-narativ-radu-maier\/#more-7870\" aria-label=\"Cite\u0219te mai multe despre Radu Maier: &#8222;Bra\u021b narativ&#8221; (2010). Pictur\u0103 nud\">Read more<\/a><\/p>\n","protected":false},"featured_media":3299,"template":"","meta":{"_acf_changed":false,"pgc_sgb_lightbox_settings":""},"product_brand":[],"product_cat":[92,47],"product_tag":[],"class_list":{"0":"post-7870","1":"product","2":"type-product","3":"status-publish","4":"has-post-thumbnail","6":"product_cat-desen","7":"product_cat-picturi-cu-nuduri","8":"infinite-scroll-item","9":"sales-flash-overlay","10":"woocommerce-text-align-left","11":"woocommerce-image-align-center","12":"do-quantity-buttons","13":"wc-has-gallery","15":"first","16":"instock","17":"shipping-taxable","18":"product-type-simple"},"acf":[],"_links":{"self":[{"href":"https:\/\/raduart.com\/ro\/wp-json\/wp\/v2\/product\/7870","targetHints":{"allow":["GET"]}}],"collection":[{"href":"https:\/\/raduart.com\/ro\/wp-json\/wp\/v2\/product"}],"about":[{"href":"https:\/\/raduart.com\/ro\/wp-json\/wp\/v2\/types\/product"}],"wp:featuredmedia":[{"embeddable":true,"href":"https:\/\/raduart.com\/ro\/wp-json\/wp\/v2\/media\/3299"}],"wp:attachment":[{"href":"https:\/\/raduart.com\/ro\/wp-json\/wp\/v2\/media?parent=7870"}],"wp:term":[{"taxonomy":"product_brand","embeddable":true,"href":"https:\/\/raduart.com\/ro\/wp-json\/wp\/v2\/product_brand?post=7870"},{"taxonomy":"product_cat","embeddable":true,"href":"https:\/\/raduart.com\/ro\/wp-json\/wp\/v2\/product_cat?post=7870"},{"taxonomy":"product_tag","embeddable":true,"href":"https:\/\/raduart.com\/ro\/wp-json\/wp\/v2\/product_tag?post=7870"}],"curies":[{"name":"wp","href":"https:\/\/api.w.org\/{rel}","templated":true}]}}

Radu Maier: &#8222;Braț narativ&#8221; (2010). Pictură nud

<h3>DESPRE PICTURA NUD DE RADU MAIER</h3>
<p><strong>Stil:</strong> pictură nud de femeie, nud pictat in tehnică mixtă.<br />
<strong>Ediție:</strong> unicat. Semnat și datat. Cu certificat de autenticitate. Semnătura artistului în dreapta jos.<br />
<strong>Prelucrare:</strong> pictură pe pânză întinsă pe șasiu.<br />
<strong>Încadrare:</strong> pictură fără ramă.</p>
<h3>DESPRE ARTIST</h3>
<p>• Pictor profesionist<br />
• Laureat al mai multor premii culturale-artistice<br />
→ <a title="Despre pictorul contemporan Radu Maier" href="https://raduart.com/ro/pictorul-roman-contemporan-radu-maier/">Portret de artist</a></p>
<h3>AVEȚI ÎNTREBĂRI?</h3>
<p>Citiți aici cele mai frecvente întrebară și răspunsuri.<br />
<a class="woo-continue width" title="Întrebări despre picturi pe pânză" href="https://raduart.com/ro/faq-tablouri-de-vanzare-online/">→ FAQ</a></p>

<p>DESPRE PICTURA NUD DE RADU MAIER Stil: pictură nud de femeie, nud pictat in tehnică mixtă. Ediție: unicat. Semnat și datat. Cu certificat de autenticitate. Semnătura artistului în dreapta jos. Prelucrare: pictură pe pânză întinsă &#8230; </p>
<p class="read-more-container"><a title="Radu Maier: &#8222;Braț narativ&#8221; (2010). Pictură nud" class="read-more button" href="https://raduart.com/ro/opere-de-arta/pictura-nud-brat-narativ-radu-maier/#more-7870" aria-label="Citește mai multe despre Radu Maier: &#8222;Braț narativ&#8221; (2010). Pictură nud">Read more</a></p>
