{"id":7404,"date":"2021-01-03T09:11:03","date_gmt":"2021-01-03T08:11:04","guid":{"rendered":"https:\/\/raduart.com\/?post_type=product&#038;p=7404"},"modified":"2024-10-03T21:05:56","modified_gmt":"2024-10-03T19:05:56","slug":"peisaj-acrilic-dezradacinare-2-radu-maier","status":"publish","type":"product","link":"https:\/\/raduart.com\/ro\/opere-de-arta\/peisaj-acrilic-dezradacinare-2-radu-maier\/","title":{"rendered":"Radu Maier: &#8222;Dezr\u0103d\u0103cinare II&#8221; (2016). Peisaj pictat"},"content":{"rendered":"<h3>Despre peisajul pictat pe p\u00e2nz\u0103 de Radu Maier<\/h3>\n<p><strong>Stil:<\/strong> pictur\u0103 modern\u0103 in tehnic\u0103 mixt\u0103, care este o oglindire a for\u021belor la care este supus p\u0103m\u00e2ntul \u0219i locuibilitatea acestuia.<br \/>\n<strong>Edi\u021bie:<\/strong> unicat. Semnat \u0219i datat. Cu certificat de autenticitate. Semn\u0103tura artistului \u00een dreapta jos.<br \/>\n<strong>Prelucrare:<\/strong> pictur\u0103 pe p\u00e2nz\u0103 \u00eentins\u0103 pe \u0219asiu.<br \/>\n<strong>\u00cencadrare:<\/strong> tablou modern f\u0103r\u0103 ram\u0103.<br \/>\n<strong>\u00cen expozi\u021bie:<\/strong> \u00een Kunstgew\u00f6lbe Dienkelsb\u00fchl<\/p>\n<h3>Despre artist<\/h3>\n<p>\u2022 Pictor contemporan consacrat<br \/>\n\u2022 Laureat al mai multor premii cultural-artistice<br \/>\n\u2192 <a title=\"Despre pictorul contemporan Radu Maier\" href=\"https:\/\/raduart.com\/ro\/pictorul-roman-contemporan-radu-maier\/\">Portret de artist<\/a><\/p>\n<h3>Ave\u021bi \u00eentreb\u0103ri?<\/h3>\n<p>\u00centreb\u0103ri \u0219i r\u0103spunsuri frecvente \u00een leg\u0103tur\u0103 cu achizi\u021bionarea operelor de art\u0103 \u00een galeria noastr\u0103 online.<br \/>\n<a class=\"woo-continue width\" title=\"\u00centreb\u0103ri despre picturi pe p\u00e2nz\u0103 \u0219i cump\u0103rarea lor\" href=\"https:\/\/raduart.com\/ro\/faq-tablouri-de-vanzare-online\/\">\u2192 Zu den FAQs<\/a><\/p>\n","protected":false},"excerpt":{"rendered":"<p>Despre peisajul pictat pe p\u00e2nz\u0103 de Radu Maier Stil: pictur\u0103 modern\u0103 in tehnic\u0103 mixt\u0103, care este o oglindire a for\u021belor la care este supus p\u0103m\u00e2ntul \u0219i locuibilitatea acestuia. Edi\u021bie: unicat. Semnat \u0219i datat. Cu certificat &#8230; <\/p>\n<p class=\"read-more-container\"><a title=\"Radu Maier: &#8222;Dezr\u0103d\u0103cinare II&#8221; (2016). Peisaj pictat\" class=\"read-more button\" href=\"https:\/\/raduart.com\/ro\/opere-de-arta\/peisaj-acrilic-dezradacinare-2-radu-maier\/#more-7404\" aria-label=\"Cite\u0219te mai multe despre Radu Maier: &#8222;Dezr\u0103d\u0103cinare II&#8221; (2016). Peisaj pictat\">Read more<\/a><\/p>\n","protected":false},"featured_media":7062,"template":"","meta":{"_acf_changed":false,"pgc_sgb_lightbox_settings":""},"product_brand":[],"product_cat":[50,53],"product_tag":[],"class_list":{"0":"post-7404","1":"product","2":"type-product","3":"status-publish","4":"has-post-thumbnail","6":"product_cat-peisaje","7":"product_cat-radacini-pictate","8":"infinite-scroll-item","9":"sales-flash-overlay","10":"woocommerce-text-align-left","11":"woocommerce-image-align-center","12":"do-quantity-buttons","14":"first","15":"instock","16":"shipping-taxable","17":"product-type-simple"},"acf":[],"_links":{"self":[{"href":"https:\/\/raduart.com\/ro\/wp-json\/wp\/v2\/product\/7404","targetHints":{"allow":["GET"]}}],"collection":[{"href":"https:\/\/raduart.com\/ro\/wp-json\/wp\/v2\/product"}],"about":[{"href":"https:\/\/raduart.com\/ro\/wp-json\/wp\/v2\/types\/product"}],"wp:featuredmedia":[{"embeddable":true,"href":"https:\/\/raduart.com\/ro\/wp-json\/wp\/v2\/media\/7062"}],"wp:attachment":[{"href":"https:\/\/raduart.com\/ro\/wp-json\/wp\/v2\/media?parent=7404"}],"wp:term":[{"taxonomy":"product_brand","embeddable":true,"href":"https:\/\/raduart.com\/ro\/wp-json\/wp\/v2\/product_brand?post=7404"},{"taxonomy":"product_cat","embeddable":true,"href":"https:\/\/raduart.com\/ro\/wp-json\/wp\/v2\/product_cat?post=7404"},{"taxonomy":"product_tag","embeddable":true,"href":"https:\/\/raduart.com\/ro\/wp-json\/wp\/v2\/product_tag?post=7404"}],"curies":[{"name":"wp","href":"https:\/\/api.w.org\/{rel}","templated":true}]}}

Radu Maier: &#8222;Dezrădăcinare II&#8221; (2016). Peisaj pictat

<h3>Despre peisajul pictat pe pânză de Radu Maier</h3>
<p><strong>Stil:</strong> pictură modernă in tehnică mixtă, care este o oglindire a forțelor la care este supus pământul și locuibilitatea acestuia.<br />
<strong>Ediție:</strong> unicat. Semnat și datat. Cu certificat de autenticitate. Semnătura artistului în dreapta jos.<br />
<strong>Prelucrare:</strong> pictură pe pânză întinsă pe șasiu.<br />
<strong>Încadrare:</strong> tablou modern fără ramă.<br />
<strong>În expoziție:</strong> în Kunstgewölbe Dienkelsbühl</p>
<h3>Despre artist</h3>
<p>• Pictor contemporan consacrat<br />
• Laureat al mai multor premii cultural-artistice<br />
→ <a title="Despre pictorul contemporan Radu Maier" href="https://raduart.com/ro/pictorul-roman-contemporan-radu-maier/">Portret de artist</a></p>
<h3>Aveți întrebări?</h3>
<p>Întrebări și răspunsuri frecvente în legătură cu achiziționarea operelor de artă în galeria noastră online.<br />
<a class="woo-continue width" title="Întrebări despre picturi pe pânză și cumpărarea lor" href="https://raduart.com/ro/faq-tablouri-de-vanzare-online/">→ Zu den FAQs</a></p>

<p>Despre peisajul pictat pe pânză de Radu Maier Stil: pictură modernă in tehnică mixtă, care este o oglindire a forțelor la care este supus pământul și locuibilitatea acestuia. Ediție: unicat. Semnat și datat. Cu certificat &#8230; </p>
<p class="read-more-container"><a title="Radu Maier: &#8222;Dezrădăcinare II&#8221; (2016). Peisaj pictat" class="read-more button" href="https://raduart.com/ro/opere-de-arta/peisaj-acrilic-dezradacinare-2-radu-maier/#more-7404" aria-label="Citește mai multe despre Radu Maier: &#8222;Dezrădăcinare II&#8221; (2016). Peisaj pictat">Read more</a></p>
