{"id":641,"date":"2020-05-30T21:14:01","date_gmt":"2020-05-30T19:14:01","guid":{"rendered":"https:\/\/moderne-kunst.raduart.de\/?page_id=641"},"modified":"2024-12-02T21:55:07","modified_gmt":"2024-12-02T20:55:07","slug":"presa","status":"publish","type":"page","link":"https:\/\/raduart.com\/ro\/presa\/","title":{"rendered":"Pagin\u0103 pentru pres\u0103"},"content":{"rendered":"<div class=\"gb-container gb-container-00d34d4d\"><div class=\"gb-inside-container\">\n\n<p class=\"gb-headline gb-headline-03b3d257 gb-headline-text\">Dragi jurnali\u0219ti \u0219i bloggeri,<br><br>V\u0103 mul\u021bumim pentru interesul dvs. fa\u021b\u0103 de Galeria Raduart \u0219i serviciile noastre!<br>Aici V\u0103 oferim comunicate \u0219i imagini, informa\u021bii \u0219i materiale despre pictorul Radu Maier, reprezentative pentru comunicatele dvs. de pres\u0103. Utilizarea textelor \u0219i a imaginilor al\u0103turate este gratuit\u0103. <br>Pentru informa\u021bii suplimentare V\u0103 st\u0103m cu drag la dispozi\u021bie.<br>Responsabil\u0103 pentru rela\u021bia cu presa: Dr. Svetlana Maier | T +49 (0) 8141 224595 | presse@raduart.com<\/p>\n\n<\/div><\/div>\n\n<div class=\"gb-container gb-container-af8af6ef\"><div class=\"gb-inside-container\">\n<div class=\"gb-grid-wrapper gb-grid-wrapper-e99e528a\">\n<div class=\"gb-grid-column gb-grid-column-0a69365e\"><div class=\"gb-container gb-container-0a69365e\"><div class=\"gb-inside-container\">\n\n<h2 class=\"gb-headline gb-headline-33bcffe7\"><span class=\"gb-icon\"><svg xmlns=\"http:\/\/www.w3.org\/2000\/svg\" viewBox=\"0 0 448 512\" width=\"1em\" height=\"1em\" aria-hidden=\"true\"><path d=\"M448 360V24c0-13.3-10.7-24-24-24H96C43 0 0 43 0 96v320c0 53 43 96 96 96h328c13.3 0 24-10.7 24-24v-16c0-7.5-3.5-14.3-8.9-18.7-4.2-15.4-4.2-59.3 0-74.7 5.4-4.3 8.9-11.1 8.9-18.6zM128 134c0-3.3 2.7-6 6-6h212c3.3 0 6 2.7 6 6v20c0 3.3-2.7 6-6 6H134c-3.3 0-6-2.7-6-6v-20zm0 64c0-3.3 2.7-6 6-6h212c3.3 0 6 2.7 6 6v20c0 3.3-2.7 6-6 6H134c-3.3 0-6-2.7-6-6v-20zm253.4 250H96c-17.7 0-32-14.3-32-32 0-17.6 14.4-32 32-32h285.4c-1.9 17.1-1.9 46.9 0 64z\" fill=\"currentColor\"><\/path><\/svg><\/span><span class=\"gb-headline-text\">Material pentru pres\u0103<\/span><\/h2>\n\n\n\n<p class=\"has-text-align-left\">Fotografii, reproduceri, texte \u0219i bro\u0219uri \u2013 aici V\u0103 punem la dispozi\u021bie materiale informative despre activitatea galeriiei \u0219i a pictorului Radu Maier.<\/p>\n\n<\/div><\/div><\/div>\n\n<div class=\"gb-grid-column gb-grid-column-d1cf06f4\"><div class=\"gb-container gb-container-d1cf06f4\"><div class=\"gb-inside-container\">\n\n<h2 class=\"gb-headline gb-headline-c741211b\"><span class=\"gb-icon\"><svg xmlns=\"http:\/\/www.w3.org\/2000\/svg\" viewBox=\"0 0 384 512\" width=\"1em\" height=\"1em\" aria-hidden=\"true\"><path d=\"M97.12 362.63c-8.69-8.69-4.16-6.24-25.12-11.85-9.51-2.55-17.87-7.45-25.43-13.32L1.2 448.7c-4.39 10.77 3.81 22.47 15.43 22.03l52.69-2.01L105.56 507c8 8.44 22.04 5.81 26.43-4.96l52.05-127.62c-10.84 6.04-22.87 9.58-35.31 9.58-19.5 0-37.82-7.59-51.61-21.37zM382.8 448.7l-45.37-111.24c-7.56 5.88-15.92 10.77-25.43 13.32-21.07 5.64-16.45 3.18-25.12 11.85-13.79 13.78-32.12 21.37-51.62 21.37-12.44 0-24.47-3.55-35.31-9.58L252 502.04c4.39 10.77 18.44 13.4 26.43 4.96l36.25-38.28 52.69 2.01c11.62.44 19.82-11.27 15.43-22.03zM263 340c15.28-15.55 17.03-14.21 38.79-20.14 13.89-3.79 24.75-14.84 28.47-28.98 7.48-28.4 5.54-24.97 25.95-45.75 10.17-10.35 14.14-25.44 10.42-39.58-7.47-28.38-7.48-24.42 0-52.83 3.72-14.14-.25-29.23-10.42-39.58-20.41-20.78-18.47-17.36-25.95-45.75-3.72-14.14-14.58-25.19-28.47-28.98-27.88-7.61-24.52-5.62-44.95-26.41-10.17-10.35-25-14.4-38.89-10.61-27.87 7.6-23.98 7.61-51.9 0-13.89-3.79-28.72.25-38.89 10.61-20.41 20.78-17.05 18.8-44.94 26.41-13.89 3.79-24.75 14.84-28.47 28.98-7.47 28.39-5.54 24.97-25.95 45.75-10.17 10.35-14.15 25.44-10.42 39.58 7.47 28.36 7.48 24.4 0 52.82-3.72 14.14.25 29.23 10.42 39.59 20.41 20.78 18.47 17.35 25.95 45.75 3.72 14.14 14.58 25.19 28.47 28.98C104.6 325.96 106.27 325 121 340c13.23 13.47 33.84 15.88 49.74 5.82a39.676 39.676 0 0 1 42.53 0c15.89 10.06 36.5 7.65 49.73-5.82zM97.66 175.96c0-53.03 42.24-96.02 94.34-96.02s94.34 42.99 94.34 96.02-42.24 96.02-94.34 96.02-94.34-42.99-94.34-96.02z\" fill=\"currentColor\"><\/path><\/svg><\/span><span class=\"gb-headline-text\">Oglinda presei<\/span><\/h2>\n\n\n\n<p class=\"has-text-align-left\">Aici V\u0103 oferim o list\u0103 selectiv\u0103 a ziarelor \u0219i revistelor na\u021bionale \u0219i interna\u021bionale care au publicat articole despre pictorul Radu Maier.<\/p>\n\n<\/div><\/div><\/div>\n\n<div class=\"gb-grid-column gb-grid-column-d0280880\"><div class=\"gb-container gb-container-d0280880\"><div class=\"gb-inside-container\">\n\n<h2 class=\"gb-headline gb-headline-6a784bcc\"><span class=\"gb-icon\"><svg aria-hidden=\"true\" role=\"img\" height=\"1em\" width=\"1em\" viewBox=\"0 0 448 512\" xmlns=\"http:\/\/www.w3.org\/2000\/svg\"><path fill=\"currentColor\" d=\"M16 132h416c8.837 0 16-7.163 16-16V76c0-8.837-7.163-16-16-16H16C7.163 60 0 67.163 0 76v40c0 8.837 7.163 16 16 16zm0 160h416c8.837 0 16-7.163 16-16v-40c0-8.837-7.163-16-16-16H16c-8.837 0-16 7.163-16 16v40c0 8.837 7.163 16 16 16zm0 160h416c8.837 0 16-7.163 16-16v-40c0-8.837-7.163-16-16-16H16c-8.837 0-16 7.163-16 16v40c0 8.837 7.163 16 16 16z\"><\/path><\/svg><\/span><span class=\"gb-headline-text\">Portret de artist<\/span><\/h2>\n\n\n\n<p class=\"has-text-align-left\">Descoperi\u021bi cele mai noi picturi, reprezent\u00e2nd peisaje, portrete simbolice, nuduri \u00een metamorfiz\u0103 \u0219i flori supradimensionate.<\/p>\n\n<\/div><\/div><\/div>\n<\/div>\n\n\n<h2 class=\"gb-headline gb-headline-0d84cc76 gb-headline-text highlights-ueber-h\" id=\"material\">Materiale suplimentare \u0219i imagini despre pictorul Radu Maier<\/h2>\n\n\n<div class=\"gb-container gb-container-54fa0e4f\"><div class=\"gb-inside-container\">\n<div class=\"gb-grid-wrapper gb-grid-wrapper-b8e700f3\">\n<div class=\"gb-grid-column gb-grid-column-2fe87d80\"><div class=\"gb-container gb-container-2fe87d80\"><div class=\"gb-inside-container\">\n\n<figure class=\"wp-block-image size-full\"><img decoding=\"async\" width=\"800\" height=\"564\" src=\"https:\/\/raduart.com\/wp-content\/uploads\/Der-Kuenstler-Radu-Maier-mit-seinem-Selbstbildnis.jpg\" alt=\"Pictorul Radu al\u0103turi de autoportretul s\u0103u\" class=\"wp-image-1548\" title=\"- | Galerie RADUART\" srcset=\"https:\/\/raduart.com\/wp-content\/uploads\/Der-Kuenstler-Radu-Maier-mit-seinem-Selbstbildnis.jpg 800w, https:\/\/raduart.com\/wp-content\/uploads\/Der-Kuenstler-Radu-Maier-mit-seinem-Selbstbildnis-400x282.jpg 400w, https:\/\/raduart.com\/wp-content\/uploads\/Der-Kuenstler-Radu-Maier-mit-seinem-Selbstbildnis-600x423.jpg 600w, https:\/\/raduart.com\/wp-content\/uploads\/Der-Kuenstler-Radu-Maier-mit-seinem-Selbstbildnis-300x212.jpg 300w, https:\/\/raduart.com\/wp-content\/uploads\/Der-Kuenstler-Radu-Maier-mit-seinem-Selbstbildnis-768x541.jpg 768w\" sizes=\"(max-width: 800px) 100vw, 800px\" \/><figcaption class=\"wp-element-caption\">Pictorul Radu Maier cu autoportretul s\u0103u<\/figcaption><\/figure>\n\n<\/div><\/div><\/div>\n\n<div class=\"gb-grid-column gb-grid-column-5d1fc910\"><div class=\"gb-container gb-container-5d1fc910\"><div class=\"gb-inside-container\">\n\n<p class=\"gb-headline gb-headline-5cdda221 gb-headline-text\"><strong><strong><strong>Foto Radu-Anton Maier<\/strong><br><\/strong><\/strong>Fotografia pictorului Radu Maier pentru comunicatul Dvs. de pres\u0103.<br>Format: JPEG | M\u0103rime: 673 KB<br><a href=\"\/wp-content\/uploads\/Der-Kuenstler-Radu-Maier-mit-seinem-Selbstbildnis.jpg\" class=\"rank-math-link\">\u2192 Download<\/a><\/p>\n\n\n\n<p class=\"gb-headline gb-headline-fdace556 gb-headline-text\"><strong><strong>Portrer de artist<\/strong><\/strong><br>Afla\u021bi totul despre pictorului Radu-Anton Maier, adunat \u00eentr-un document PDF.<br>Format: PDF | M\u0103rime: 1.4 MB<br><a href=\"\/wp-content\/uploads\/Portretul-artistului-plastic-radu-anton-maier-pictura-grafica-mixed-media.pdf\" target=\"_blank\" aria-label=\" (opens in a new tab)\" data-schema-attribute=\"about\" rel=\"noreferrer noopener\" class=\"rank-math-link\">\u2192 Download<\/a><\/p>\n\n\n\n<p class=\"gb-headline gb-headline-1888dd47 gb-headline-text\"><strong>Pressa a relatat<br><\/strong>Presa na\u021bional\u0103 \u0219i interna\u021bional\u0103 a relatat despre crea\u021bia \u0219i activitatea pictorului Radu Maier. Al\u0103turat V\u0103 oferim o selec\u021bie de articole care au fost deja publicate.<br><a href=\"https:\/\/raduart.com\/ro\/aktuelles\/oglinda-presei\/\">\u2192 Arhiva presei<\/a><\/p>\n\n<\/div><\/div><\/div>\n<\/div>\n<\/div><\/div>\n<\/div><\/div>","protected":false},"excerpt":{"rendered":"<p>Dragi jurnali\u0219ti \u0219i bloggeri, V\u0103 mul\u021bumim pentru interesul dvs. fa\u021b\u0103 de Galeria Raduart \u0219i serviciile noastre!Aici V\u0103 oferim comunicate \u0219i imagini, informa\u021bii \u0219i materiale despre pictorul Radu Maier, reprezentative pentru comunicatele dvs. de pres\u0103. Utilizarea &#8230; <\/p>\n<p class=\"read-more-container\"><a title=\"Pagin\u0103 pentru pres\u0103\" class=\"read-more button\" href=\"https:\/\/raduart.com\/ro\/presa\/#more-641\" aria-label=\"Cite\u0219te mai multe despre Pagin\u0103 pentru pres\u0103\">Read more<\/a><\/p>\n","protected":false},"author":1,"featured_media":0,"parent":0,"menu_order":0,"comment_status":"closed","ping_status":"closed","template":"","meta":{"_acf_changed":false,"pgc_sgb_lightbox_settings":"","footnotes":""},"class_list":{"0":"post-641","1":"page","2":"type-page","3":"status-publish","5":"infinite-scroll-item"},"acf":[],"_links":{"self":[{"href":"https:\/\/raduart.com\/ro\/wp-json\/wp\/v2\/pages\/641","targetHints":{"allow":["GET"]}}],"collection":[{"href":"https:\/\/raduart.com\/ro\/wp-json\/wp\/v2\/pages"}],"about":[{"href":"https:\/\/raduart.com\/ro\/wp-json\/wp\/v2\/types\/page"}],"author":[{"embeddable":true,"href":"https:\/\/raduart.com\/ro\/wp-json\/wp\/v2\/users\/1"}],"replies":[{"embeddable":true,"href":"https:\/\/raduart.com\/ro\/wp-json\/wp\/v2\/comments?post=641"}],"version-history":[{"count":0,"href":"https:\/\/raduart.com\/ro\/wp-json\/wp\/v2\/pages\/641\/revisions"}],"wp:attachment":[{"href":"https:\/\/raduart.com\/ro\/wp-json\/wp\/v2\/media?parent=641"}],"curies":[{"name":"wp","href":"https:\/\/api.w.org\/{rel}","templated":true}]}}

Pagină pentru presă

<div class="gb-container gb-container-00d34d4d"><div class="gb-inside-container">

<p class="gb-headline gb-headline-03b3d257 gb-headline-text">Dragi jurnaliști și bloggeri,<br><br>Vă mulțumim pentru interesul dvs. față de Galeria Raduart și serviciile noastre!<br>Aici Vă oferim comunicate și imagini, informații și materiale despre pictorul Radu Maier, reprezentative pentru comunicatele dvs. de presă. Utilizarea textelor și a imaginilor alăturate este gratuită. <br>Pentru informații suplimentare Vă stăm cu drag la dispoziție.<br>Responsabilă pentru relația cu presa: Dr. Svetlana Maier | T +49 (0) 8141 224595 | presse@raduart.com</p>

</div></div>

<div class="gb-container gb-container-af8af6ef"><div class="gb-inside-container">
<div class="gb-grid-wrapper gb-grid-wrapper-e99e528a">
<div class="gb-grid-column gb-grid-column-0a69365e"><div class="gb-container gb-container-0a69365e"><div class="gb-inside-container">

<h2 class="gb-headline gb-headline-33bcffe7"><span class="gb-icon"><svg xmlns="http://www.w3.org/2000/svg" viewBox="0 0 448 512" width="1em" height="1em" aria-hidden="true"><path d="M448 360V24c0-13.3-10.7-24-24-24H96C43 0 0 43 0 96v320c0 53 43 96 96 96h328c13.3 0 24-10.7 24-24v-16c0-7.5-3.5-14.3-8.9-18.7-4.2-15.4-4.2-59.3 0-74.7 5.4-4.3 8.9-11.1 8.9-18.6zM128 134c0-3.3 2.7-6 6-6h212c3.3 0 6 2.7 6 6v20c0 3.3-2.7 6-6 6H134c-3.3 0-6-2.7-6-6v-20zm0 64c0-3.3 2.7-6 6-6h212c3.3 0 6 2.7 6 6v20c0 3.3-2.7 6-6 6H134c-3.3 0-6-2.7-6-6v-20zm253.4 250H96c-17.7 0-32-14.3-32-32 0-17.6 14.4-32 32-32h285.4c-1.9 17.1-1.9 46.9 0 64z" fill="currentColor"></path></svg></span><span class="gb-headline-text">Material pentru presă</span></h2>



<p class="has-text-align-left">Fotografii, reproduceri, texte și broșuri – aici Vă punem la dispoziție materiale informative despre activitatea galeriiei și a pictorului Radu Maier.</p>

</div></div></div>

<div class="gb-grid-column gb-grid-column-d1cf06f4"><div class="gb-container gb-container-d1cf06f4"><div class="gb-inside-container">

<h2 class="gb-headline gb-headline-c741211b"><span class="gb-icon"><svg xmlns="http://www.w3.org/2000/svg" viewBox="0 0 384 512" width="1em" height="1em" aria-hidden="true"><path d="M97.12 362.63c-8.69-8.69-4.16-6.24-25.12-11.85-9.51-2.55-17.87-7.45-25.43-13.32L1.2 448.7c-4.39 10.77 3.81 22.47 15.43 22.03l52.69-2.01L105.56 507c8 8.44 22.04 5.81 26.43-4.96l52.05-127.62c-10.84 6.04-22.87 9.58-35.31 9.58-19.5 0-37.82-7.59-51.61-21.37zM382.8 448.7l-45.37-111.24c-7.56 5.88-15.92 10.77-25.43 13.32-21.07 5.64-16.45 3.18-25.12 11.85-13.79 13.78-32.12 21.37-51.62 21.37-12.44 0-24.47-3.55-35.31-9.58L252 502.04c4.39 10.77 18.44 13.4 26.43 4.96l36.25-38.28 52.69 2.01c11.62.44 19.82-11.27 15.43-22.03zM263 340c15.28-15.55 17.03-14.21 38.79-20.14 13.89-3.79 24.75-14.84 28.47-28.98 7.48-28.4 5.54-24.97 25.95-45.75 10.17-10.35 14.14-25.44 10.42-39.58-7.47-28.38-7.48-24.42 0-52.83 3.72-14.14-.25-29.23-10.42-39.58-20.41-20.78-18.47-17.36-25.95-45.75-3.72-14.14-14.58-25.19-28.47-28.98-27.88-7.61-24.52-5.62-44.95-26.41-10.17-10.35-25-14.4-38.89-10.61-27.87 7.6-23.98 7.61-51.9 0-13.89-3.79-28.72.25-38.89 10.61-20.41 20.78-17.05 18.8-44.94 26.41-13.89 3.79-24.75 14.84-28.47 28.98-7.47 28.39-5.54 24.97-25.95 45.75-10.17 10.35-14.15 25.44-10.42 39.58 7.47 28.36 7.48 24.4 0 52.82-3.72 14.14.25 29.23 10.42 39.59 20.41 20.78 18.47 17.35 25.95 45.75 3.72 14.14 14.58 25.19 28.47 28.98C104.6 325.96 106.27 325 121 340c13.23 13.47 33.84 15.88 49.74 5.82a39.676 39.676 0 0 1 42.53 0c15.89 10.06 36.5 7.65 49.73-5.82zM97.66 175.96c0-53.03 42.24-96.02 94.34-96.02s94.34 42.99 94.34 96.02-42.24 96.02-94.34 96.02-94.34-42.99-94.34-96.02z" fill="currentColor"></path></svg></span><span class="gb-headline-text">Oglinda presei</span></h2>



<p class="has-text-align-left">Aici Vă oferim o listă selectivă a ziarelor și revistelor naționale și internaționale care au publicat articole despre pictorul Radu Maier.</p>

</div></div></div>

<div class="gb-grid-column gb-grid-column-d0280880"><div class="gb-container gb-container-d0280880"><div class="gb-inside-container">

<h2 class="gb-headline gb-headline-6a784bcc"><span class="gb-icon"><svg aria-hidden="true" role="img" height="1em" width="1em" viewBox="0 0 448 512" xmlns="http://www.w3.org/2000/svg"><path fill="currentColor" d="M16 132h416c8.837 0 16-7.163 16-16V76c0-8.837-7.163-16-16-16H16C7.163 60 0 67.163 0 76v40c0 8.837 7.163 16 16 16zm0 160h416c8.837 0 16-7.163 16-16v-40c0-8.837-7.163-16-16-16H16c-8.837 0-16 7.163-16 16v40c0 8.837 7.163 16 16 16zm0 160h416c8.837 0 16-7.163 16-16v-40c0-8.837-7.163-16-16-16H16c-8.837 0-16 7.163-16 16v40c0 8.837 7.163 16 16 16z"></path></svg></span><span class="gb-headline-text">Portret de artist</span></h2>



<p class="has-text-align-left">Descoperiți cele mai noi picturi, reprezentând peisaje, portrete simbolice, nuduri în metamorfiză și flori supradimensionate.</p>

</div></div></div>
</div>


<h2 class="gb-headline gb-headline-0d84cc76 gb-headline-text highlights-ueber-h" id="material">Materiale suplimentare și imagini despre pictorul Radu Maier</h2>


<div class="gb-container gb-container-54fa0e4f"><div class="gb-inside-container">
<div class="gb-grid-wrapper gb-grid-wrapper-b8e700f3">
<div class="gb-grid-column gb-grid-column-2fe87d80"><div class="gb-container gb-container-2fe87d80"><div class="gb-inside-container">

<figure class="wp-block-image size-full"><img decoding="async" width="800" height="564" src="https://raduart.com/wp-content/uploads/Der-Kuenstler-Radu-Maier-mit-seinem-Selbstbildnis.jpg" alt="Pictorul Radu alături de autoportretul său" class="wp-image-1548" title="- | Galerie RADUART" srcset="https://raduart.com/wp-content/uploads/Der-Kuenstler-Radu-Maier-mit-seinem-Selbstbildnis.jpg 800w, https://raduart.com/wp-content/uploads/Der-Kuenstler-Radu-Maier-mit-seinem-Selbstbildnis-400x282.jpg 400w, https://raduart.com/wp-content/uploads/Der-Kuenstler-Radu-Maier-mit-seinem-Selbstbildnis-600x423.jpg 600w, https://raduart.com/wp-content/uploads/Der-Kuenstler-Radu-Maier-mit-seinem-Selbstbildnis-300x212.jpg 300w, https://raduart.com/wp-content/uploads/Der-Kuenstler-Radu-Maier-mit-seinem-Selbstbildnis-768x541.jpg 768w" sizes="(max-width: 800px) 100vw, 800px" /><figcaption class="wp-element-caption">Pictorul Radu Maier cu autoportretul său</figcaption></figure>

</div></div></div>

<div class="gb-grid-column gb-grid-column-5d1fc910"><div class="gb-container gb-container-5d1fc910"><div class="gb-inside-container">

<p class="gb-headline gb-headline-5cdda221 gb-headline-text"><strong><strong><strong>Foto Radu-Anton Maier</strong><br></strong></strong>Fotografia pictorului Radu Maier pentru comunicatul Dvs. de presă.<br>Format: JPEG | Mărime: 673 KB<br><a href="/wp-content/uploads/Der-Kuenstler-Radu-Maier-mit-seinem-Selbstbildnis.jpg" class="rank-math-link">→ Download</a></p>



<p class="gb-headline gb-headline-fdace556 gb-headline-text"><strong><strong>Portrer de artist</strong></strong><br>Aflați totul despre pictorului Radu-Anton Maier, adunat într-un document PDF.<br>Format: PDF | Mărime: 1.4 MB<br><a href="/wp-content/uploads/Portretul-artistului-plastic-radu-anton-maier-pictura-grafica-mixed-media.pdf" target="_blank" aria-label=" (opens in a new tab)" data-schema-attribute="about" rel="noreferrer noopener" class="rank-math-link">→ Download</a></p>



<p class="gb-headline gb-headline-1888dd47 gb-headline-text"><strong>Pressa a relatat<br></strong>Presa națională și internațională a relatat despre creația și activitatea pictorului Radu Maier. Alăturat Vă oferim o selecție de articole care au fost deja publicate.<br><a href="https://raduart.com/ro/aktuelles/oglinda-presei/">→ Arhiva presei</a></p>

</div></div></div>
</div>
</div></div>
</div></div>

<p>Dragi jurnaliști și bloggeri, Vă mulțumim pentru interesul dvs. față de Galeria Raduart și serviciile noastre!Aici Vă oferim comunicate și imagini, informații și materiale despre pictorul Radu Maier, reprezentative pentru comunicatele dvs. de presă. Utilizarea &#8230; </p>
<p class="read-more-container"><a title="Pagină pentru presă" class="read-more button" href="https://raduart.com/ro/presa/#more-641" aria-label="Citește mai multe despre Pagină pentru presă">Read more</a></p>
