{"id":20174,"date":"2015-06-12T10:00:00","date_gmt":"2015-06-12T08:00:00","guid":{"rendered":"https:\/\/raduart.com\/?post_type=events&#038;p=20174"},"modified":"2024-02-28T16:44:02","modified_gmt":"2024-02-28T15:44:02","slug":"gruppenausstellung-kuenstler-aus-siebenbuergen-3","status":"publish","type":"events","link":"https:\/\/raduart.com\/ro\/events\/gruppenausstellung-kuenstler-aus-siebenbuergen-3\/","title":{"rendered":"K\u00fcnstler aus Siebenb\u00fcrgen, Edition III"},"content":{"rendered":"<div class=\"gb-container gb-container-cd2a5708\"><div class=\"gb-inside-container\">\n\n<div class=\"wp-block-media-text is-stacked-on-mobile is-vertically-aligned-top\" style=\"grid-template-columns:35% auto\"><figure class=\"wp-block-media-text__media\"><img decoding=\"async\" width=\"566\" height=\"800\" src=\"https:\/\/raduart.com\/wp-content\/uploads\/Kuenstler-aus-Siebenbuergen-Edition3-Galerie-Raduart-2015.jpg\" alt=\"Gruppenausstellung &quot;K\u00fcnstler aus Siebenb\u00fcrgen&quot; in der Galerie RADUART\" class=\"wp-image-757 size-full\" title=\"- | Galerie RADUART\" srcset=\"https:\/\/raduart.com\/wp-content\/uploads\/Kuenstler-aus-Siebenbuergen-Edition3-Galerie-Raduart-2015.jpg 566w, https:\/\/raduart.com\/wp-content\/uploads\/Kuenstler-aus-Siebenbuergen-Edition3-Galerie-Raduart-2015-400x565.jpg 400w, https:\/\/raduart.com\/wp-content\/uploads\/Kuenstler-aus-Siebenbuergen-Edition3-Galerie-Raduart-2015-212x300.jpg 212w\" sizes=\"(max-width: 566px) 100vw, 566px\" \/><\/figure><div class=\"wp-block-media-text__content\">\n<p>Die Galerie RADUART in F\u00fcrstenfeldbruck pr\u00e4sentiert, in der 3. Edition, neun zeitgen\u00f6ssische K\u00fcnstler aus Siebenb\u00fcrgen in einer gemeinsamen Ausstellung vom 12. Juni bis 18. Juli 2015.<\/p>\n\n\n\n<p>Nach dem gro\u00dfen Erfolgen der<br>letzten Jahren bieten wir auch heuer wieder eine Angelegenheit Kunst zu zelebrieren. Diese Ausstellung umfasst Malerei, Grafik, Tapisserie und Skulptur und dokumentiert somit eindr\u00fccklich nicht nur einige Gemeinsamkeiten der Exponate, sondern auch die Vielfalt der Stilrichtungen, welche die teilnehmenden K\u00fcnstler \u2013 im Laufe der Jahre \u2013 nun vorweisen k\u00f6nnen.<\/p>\n\n\n\n<p>Den Besucher erwartet eine st\u00e4ndige Auseinandersetzung von Farben, Formen, Kontrasten und Reliefs mit Fragen von Heimat und Herkunft. Die Eindr\u00fccke und die Vielfalt der Exponate hallen im Betrachter noch lange nach.<\/p>\n<\/div><\/div>\n\n\n\n<p>Ziel der Ausstellung ist es, einen allgemeinen Blick auf die Gruppe zu werfen und dabei nicht nur die k\u00fcnstlerische Qualit\u00e4t der Werke zu zeigen, sondern diese auch in Zeitgeist einzubinden.<\/p>\n\n\n\n<p>Zu dem ausstellenden K\u00fcnstler geh\u00f6ren:\u00a0Marianne Ganea, Iustinian Ghita, Hildegard Klepper-Paar, Radu Maier, Gy\u00f6ngyver Mengel-Gall, Annam\u00e1ria M\u00f3r\u00e9-S\u00e1ghi, Valentin Zoltan Nagy, Heide Roth, Detlef-Torsten von Steinburg.<\/p>\n\n\n\n<p><strong>Hildegard Klepper-Paar<\/strong><br>Hildegard Klepper-Paar pr\u00e4sentiert uns ein reichhaltiges Resultat ihrer st\u00e4ndigen<br>Experimentierfreude. Wegweiser, Strukturfelder, Mysterien und Muster-Areale, sowie multiplizierbare \u201eAnatomien\u201c offerieren uns ein eigenartiges Universum.<\/p>\n\n\n\n<p><strong>Radu Maier<\/strong><br>Die Landschaften von Radu-Anton Maier, ob Architektur oder Ruineninterpretationen, ob W\u00fcste oder alpine Strukturen, pendeln st\u00e4ndig zwischen archetypischen Universen und subtil erz\u00e4hlten Metaphern. \u00dcberlagerung der diversen und vision\u00e4ren Atmosph\u00e4ren entwickeln eine Spiegelung der Identit\u00e4t des K\u00fcnstlers.<\/p>\n\n\n\n<p><strong>Gy\u00f6ngyver Mengel-Gall<\/strong><br>Gy\u00f6ngver Mengel-Gall schwebt in Sph\u00e4ren, in denen der Himmel nicht nur durchsichtig, sondern mal hellblau, mal dunkelrot cromatisiert wird. Die Atmosph\u00e4re ist eine materialisierte Ruhe \u2014 das Wasser wirkt wie eine vergeistigte Linearit\u00e4t unserer Grundlagen, in denen eine wohltemperierte Zeit flie\u00dft.<\/p>\n\n\n\n<p><strong>Annam\u00e1ria M\u00f3r\u00e9-S\u00e1ghi<\/strong><br>Annamaria More-Saghi ist als Textilk\u00fcnstlerin ebenfalls im Bereich der<br>Landschaftsmalerei erfolgreich t\u00e4tig. Sie erreicht durch den Einsatz von Wolle,<br>Baumwolle und anderen Textilmaterialien eine Darstellung, die eine inspirierte und<br>\u00fcberzeugende Gesetzm\u00e4\u00dfigkeit erlangt.<\/p>\n\n\n\n<p><strong>Valentin Zoltan Nagy<\/strong><br>Zoltan Nagy erweckt den Eindruck eines Regisseurs, der die Szenerie permanent unter Kontrolle h\u00e4lt und die Lichtf\u00fchrung nach Lust und Laune einsetzt. Seine \u00fcberwiegend architektonischen Kreationen entstehen durch Linearit\u00e4t und perspektivische Intuition.<br><strong><br>Heide Roth<\/strong><br>Heide Roth fasziniert durch doppelsinnige Botschaften, bestehend aus modellierten Reliefvariationen, die an diverse weibliche K\u00f6rperteile erinnern. Die Farben bekommen eine entscheidende Rolle in der \u00dcbermittlung von atmosph\u00e4rischen Stimmungen.<\/p>\n\n\n\n<p><strong>Detlef-Torsten von Steinburg<\/strong><br>Die Zeichnungen von Detlef von Steinburg bekommen Frische und Dynamik durch eine souver\u00e4ne Linienf\u00fchrung. Die rigide Simplifizierung des Sujets bringt Einfachheit und Unmittelbarkeit, die dem Bild eine gewisse Monumentalit\u00e4t verleihen.<\/p>\n\n<\/div><\/div>","protected":false},"excerpt":{"rendered":"<p>9 zeitgen\u00f6ssische K\u00fcnstler aus Siebenb\u00fcrgen stellen gemeinsam in der Galerie Raduart aus. &#x27a1; Besuchen Sie uns!<\/p>\n","protected":false},"featured_media":757,"menu_order":0,"template":"","format":"standard","meta":{"_acf_changed":false,"pgc_sgb_lightbox_settings":"","footnotes":""},"schedule":[123],"kategorien":[126],"class_list":["post-20174","events","type-events","status-publish","format-standard","has-post-thumbnail","hentry","schedule-archiv","kategorien-gruppenausstellung","infinite-scroll-item"],"acf":[],"_links":{"self":[{"href":"https:\/\/raduart.com\/ro\/wp-json\/wp\/v2\/events\/20174","targetHints":{"allow":["GET"]}}],"collection":[{"href":"https:\/\/raduart.com\/ro\/wp-json\/wp\/v2\/events"}],"about":[{"href":"https:\/\/raduart.com\/ro\/wp-json\/wp\/v2\/types\/events"}],"version-history":[{"count":5,"href":"https:\/\/raduart.com\/ro\/wp-json\/wp\/v2\/events\/20174\/revisions"}],"predecessor-version":[{"id":20189,"href":"https:\/\/raduart.com\/ro\/wp-json\/wp\/v2\/events\/20174\/revisions\/20189"}],"wp:featuredmedia":[{"embeddable":true,"href":"https:\/\/raduart.com\/ro\/wp-json\/wp\/v2\/media\/757"}],"wp:attachment":[{"href":"https:\/\/raduart.com\/ro\/wp-json\/wp\/v2\/media?parent=20174"}],"wp:term":[{"taxonomy":"schedule","embeddable":true,"href":"https:\/\/raduart.com\/ro\/wp-json\/wp\/v2\/schedule?post=20174"},{"taxonomy":"kategorien","embeddable":true,"href":"https:\/\/raduart.com\/ro\/wp-json\/wp\/v2\/kategorien?post=20174"}],"curies":[{"name":"wp","href":"https:\/\/api.w.org\/{rel}","templated":true}]}}

Künstler aus Siebenbürgen, Edition III

<div class="gb-container gb-container-cd2a5708"><div class="gb-inside-container">

<div class="wp-block-media-text is-stacked-on-mobile is-vertically-aligned-top" style="grid-template-columns:35% auto"><figure class="wp-block-media-text__media"><img decoding="async" width="566" height="800" src="https://raduart.com/wp-content/uploads/Kuenstler-aus-Siebenbuergen-Edition3-Galerie-Raduart-2015.jpg" alt="Gruppenausstellung &quot;Künstler aus Siebenbürgen&quot; in der Galerie RADUART" class="wp-image-757 size-full" title="- | Galerie RADUART" srcset="https://raduart.com/wp-content/uploads/Kuenstler-aus-Siebenbuergen-Edition3-Galerie-Raduart-2015.jpg 566w, https://raduart.com/wp-content/uploads/Kuenstler-aus-Siebenbuergen-Edition3-Galerie-Raduart-2015-400x565.jpg 400w, https://raduart.com/wp-content/uploads/Kuenstler-aus-Siebenbuergen-Edition3-Galerie-Raduart-2015-212x300.jpg 212w" sizes="(max-width: 566px) 100vw, 566px" /></figure><div class="wp-block-media-text__content">
<p>Die Galerie RADUART in Fürstenfeldbruck präsentiert, in der 3. Edition, neun zeitgenössische Künstler aus Siebenbürgen in einer gemeinsamen Ausstellung vom 12. Juni bis 18. Juli 2015.</p>



<p>Nach dem großen Erfolgen der<br>letzten Jahren bieten wir auch heuer wieder eine Angelegenheit Kunst zu zelebrieren. Diese Ausstellung umfasst Malerei, Grafik, Tapisserie und Skulptur und dokumentiert somit eindrücklich nicht nur einige Gemeinsamkeiten der Exponate, sondern auch die Vielfalt der Stilrichtungen, welche die teilnehmenden Künstler – im Laufe der Jahre – nun vorweisen können.</p>



<p>Den Besucher erwartet eine ständige Auseinandersetzung von Farben, Formen, Kontrasten und Reliefs mit Fragen von Heimat und Herkunft. Die Eindrücke und die Vielfalt der Exponate hallen im Betrachter noch lange nach.</p>
</div></div>



<p>Ziel der Ausstellung ist es, einen allgemeinen Blick auf die Gruppe zu werfen und dabei nicht nur die künstlerische Qualität der Werke zu zeigen, sondern diese auch in Zeitgeist einzubinden.</p>



<p>Zu dem ausstellenden Künstler gehören: Marianne Ganea, Iustinian Ghita, Hildegard Klepper-Paar, Radu Maier, Gyöngyver Mengel-Gall, Annamária Móré-Sághi, Valentin Zoltan Nagy, Heide Roth, Detlef-Torsten von Steinburg.</p>



<p><strong>Hildegard Klepper-Paar</strong><br>Hildegard Klepper-Paar präsentiert uns ein reichhaltiges Resultat ihrer ständigen<br>Experimentierfreude. Wegweiser, Strukturfelder, Mysterien und Muster-Areale, sowie multiplizierbare „Anatomien“ offerieren uns ein eigenartiges Universum.</p>



<p><strong>Radu Maier</strong><br>Die Landschaften von Radu-Anton Maier, ob Architektur oder Ruineninterpretationen, ob Wüste oder alpine Strukturen, pendeln ständig zwischen archetypischen Universen und subtil erzählten Metaphern. Überlagerung der diversen und visionären Atmosphären entwickeln eine Spiegelung der Identität des Künstlers.</p>



<p><strong>Gyöngyver Mengel-Gall</strong><br>Gyöngver Mengel-Gall schwebt in Sphären, in denen der Himmel nicht nur durchsichtig, sondern mal hellblau, mal dunkelrot cromatisiert wird. Die Atmosphäre ist eine materialisierte Ruhe — das Wasser wirkt wie eine vergeistigte Linearität unserer Grundlagen, in denen eine wohltemperierte Zeit fließt.</p>



<p><strong>Annamária Móré-Sághi</strong><br>Annamaria More-Saghi ist als Textilkünstlerin ebenfalls im Bereich der<br>Landschaftsmalerei erfolgreich tätig. Sie erreicht durch den Einsatz von Wolle,<br>Baumwolle und anderen Textilmaterialien eine Darstellung, die eine inspirierte und<br>überzeugende Gesetzmäßigkeit erlangt.</p>



<p><strong>Valentin Zoltan Nagy</strong><br>Zoltan Nagy erweckt den Eindruck eines Regisseurs, der die Szenerie permanent unter Kontrolle hält und die Lichtführung nach Lust und Laune einsetzt. Seine überwiegend architektonischen Kreationen entstehen durch Linearität und perspektivische Intuition.<br><strong><br>Heide Roth</strong><br>Heide Roth fasziniert durch doppelsinnige Botschaften, bestehend aus modellierten Reliefvariationen, die an diverse weibliche Körperteile erinnern. Die Farben bekommen eine entscheidende Rolle in der Übermittlung von atmosphärischen Stimmungen.</p>



<p><strong>Detlef-Torsten von Steinburg</strong><br>Die Zeichnungen von Detlef von Steinburg bekommen Frische und Dynamik durch eine souveräne Linienführung. Die rigide Simplifizierung des Sujets bringt Einfachheit und Unmittelbarkeit, die dem Bild eine gewisse Monumentalität verleihen.</p>

</div></div>

<p>9 zeitgenössische Künstler aus Siebenbürgen stellen gemeinsam in der Galerie Raduart aus. &#x27a1; Besuchen Sie uns!</p>
