{"id":20145,"date":"2012-11-01T10:00:00","date_gmt":"2012-11-01T09:00:00","guid":{"rendered":"https:\/\/raduart.com\/?post_type=events&#038;p=20145"},"modified":"2024-02-28T16:19:30","modified_gmt":"2024-02-28T15:19:30","slug":"gruppenausstellung-kuenstler-aus-siebenbuergen-2","status":"publish","type":"events","link":"https:\/\/raduart.com\/ro\/events\/gruppenausstellung-kuenstler-aus-siebenbuergen-2\/","title":{"rendered":"K\u00fcnstler aus Siebenb\u00fcrgen, Edition II"},"content":{"rendered":"<div class=\"gb-container gb-container-cd2a5708\"><div class=\"gb-inside-container\">\n\n<div class=\"wp-block-media-text is-stacked-on-mobile is-vertically-aligned-top\" style=\"grid-template-columns:35% auto\"><figure class=\"wp-block-media-text__media\"><img decoding=\"async\" width=\"566\" height=\"800\" src=\"https:\/\/raduart.com\/wp-content\/uploads\/Kuenstler-aus-Siebenbuergen-Edition1-Galerie-Raduart-2011.jpg\" alt=\"Gruppenausstellung &quot;K\u00fcnstler aus Siebenb\u00fcrgen&quot; in der Galerie RADUART\" class=\"wp-image-753 size-full\" title=\"- | Galerie RADUART\" srcset=\"https:\/\/raduart.com\/wp-content\/uploads\/Kuenstler-aus-Siebenbuergen-Edition1-Galerie-Raduart-2011.jpg 566w, https:\/\/raduart.com\/wp-content\/uploads\/Kuenstler-aus-Siebenbuergen-Edition1-Galerie-Raduart-2011-400x565.jpg 400w, https:\/\/raduart.com\/wp-content\/uploads\/Kuenstler-aus-Siebenbuergen-Edition1-Galerie-Raduart-2011-212x300.jpg 212w\" sizes=\"(max-width: 566px) 100vw, 566px\" \/><\/figure><div class=\"wp-block-media-text__content\">\n<p><strong>Das \u00fcberaus erfolgreiche Projekt \u201eK\u00fcnstler aus Siebenb\u00fcrgen\u201c, unter gro\u00dfem Medienecho initiiert 2010 von der Galerie Raduart, erreicht in diesem Jahr einen neuen H\u00f6hepunkt.<\/strong><\/p>\n\n\n\n<p>Sieben zeitgen\u00f6ssische K\u00fcnstler aus Siebenb\u00fcrgen zeigen in einer gemeinsamen Ausstellung Malerei, Grafik und Skulpturen.<\/p>\n\n\n\n<p>Was hat diesmal die siebenb\u00fcrgische Gruppe Neues zu bieten? Seit mindestens 40 Jahren wird experimentiert und entwickelt: Manchmal fotorealistisch, teils humorvoll-ironisch, unter dem Einsatz von sanft-zur\u00fcckhaltenden Farben oder elegant-abstrakten Illusionen.<\/p>\n<\/div><\/div>\n\n\n\n<p>Die eindrucksvolle Vielfalt der ausgestellten Kunstwerke ist ein echter Beweis f\u00fcr die Diversit\u00e4t und Komplexit\u00e4t einer spannenden Welt von K\u00fcnstlern aus einem ehemals von Deutschland gepr\u00e4gten Kulturkreis.<\/p>\n\n\n\n<p>Die Ausstellung bietet die Gelegenheit einzigartige Farben, Formen, Kontraste und Reliefs im Original zu entdecken. Die Eindr\u00fccke und die Vielfalt der Ausstellung halten im Betrachter noch lange nach.<\/p>\n\n\n\n<p>Zu dem ausstellenden K\u00fcnstler geh\u00f6ren: Helmut von Arz, F\u0103nic\u0103 Balan, Carmen Eminger, Marianne Ganea, Iustinian Ghit\u0103, Radu Maier, Detlev von Steinburg.<\/p>\n\n<\/div><\/div>","protected":false},"excerpt":{"rendered":"<p>Das \u00fcberaus erfolgreiche Projekt \u201eK\u00fcnstler aus Siebenb\u00fcrgen\u201c, unter gro\u00dfem Medienecho initiiert 2010 von der Galerie Raduart, erreicht in diesem Jahr einen neuen H\u00f6hepunkt. Sieben zeitgen\u00f6ssische K\u00fcnstler aus Siebenb\u00fcrgen zeigen in einer gemeinsamen Ausstellung Malerei, Grafik &#8230; <\/p>\n<p class=\"read-more-container\"><a title=\"K\u00fcnstler aus Siebenb\u00fcrgen, Edition II\" class=\"read-more button\" href=\"https:\/\/raduart.com\/ro\/events\/gruppenausstellung-kuenstler-aus-siebenbuergen-2\/#more-20145\" aria-label=\"Cite\u0219te mai multe despre K\u00fcnstler aus Siebenb\u00fcrgen, Edition II\">Read more<\/a><\/p>\n","protected":false},"featured_media":755,"menu_order":0,"template":"","format":"standard","meta":{"_acf_changed":false,"pgc_sgb_lightbox_settings":"","footnotes":""},"schedule":[],"kategorien":[126],"class_list":["post-20145","events","type-events","status-publish","format-standard","has-post-thumbnail","hentry","kategorien-gruppenausstellung","infinite-scroll-item"],"acf":[],"_links":{"self":[{"href":"https:\/\/raduart.com\/ro\/wp-json\/wp\/v2\/events\/20145","targetHints":{"allow":["GET"]}}],"collection":[{"href":"https:\/\/raduart.com\/ro\/wp-json\/wp\/v2\/events"}],"about":[{"href":"https:\/\/raduart.com\/ro\/wp-json\/wp\/v2\/types\/events"}],"version-history":[{"count":3,"href":"https:\/\/raduart.com\/ro\/wp-json\/wp\/v2\/events\/20145\/revisions"}],"predecessor-version":[{"id":20173,"href":"https:\/\/raduart.com\/ro\/wp-json\/wp\/v2\/events\/20145\/revisions\/20173"}],"wp:featuredmedia":[{"embeddable":true,"href":"https:\/\/raduart.com\/ro\/wp-json\/wp\/v2\/media\/755"}],"wp:attachment":[{"href":"https:\/\/raduart.com\/ro\/wp-json\/wp\/v2\/media?parent=20145"}],"wp:term":[{"taxonomy":"schedule","embeddable":true,"href":"https:\/\/raduart.com\/ro\/wp-json\/wp\/v2\/schedule?post=20145"},{"taxonomy":"kategorien","embeddable":true,"href":"https:\/\/raduart.com\/ro\/wp-json\/wp\/v2\/kategorien?post=20145"}],"curies":[{"name":"wp","href":"https:\/\/api.w.org\/{rel}","templated":true}]}}

Künstler aus Siebenbürgen, Edition II

<div class="gb-container gb-container-cd2a5708"><div class="gb-inside-container">

<div class="wp-block-media-text is-stacked-on-mobile is-vertically-aligned-top" style="grid-template-columns:35% auto"><figure class="wp-block-media-text__media"><img decoding="async" width="566" height="800" src="https://raduart.com/wp-content/uploads/Kuenstler-aus-Siebenbuergen-Edition1-Galerie-Raduart-2011.jpg" alt="Gruppenausstellung &quot;Künstler aus Siebenbürgen&quot; in der Galerie RADUART" class="wp-image-753 size-full" title="- | Galerie RADUART" srcset="https://raduart.com/wp-content/uploads/Kuenstler-aus-Siebenbuergen-Edition1-Galerie-Raduart-2011.jpg 566w, https://raduart.com/wp-content/uploads/Kuenstler-aus-Siebenbuergen-Edition1-Galerie-Raduart-2011-400x565.jpg 400w, https://raduart.com/wp-content/uploads/Kuenstler-aus-Siebenbuergen-Edition1-Galerie-Raduart-2011-212x300.jpg 212w" sizes="(max-width: 566px) 100vw, 566px" /></figure><div class="wp-block-media-text__content">
<p><strong>Das überaus erfolgreiche Projekt „Künstler aus Siebenbürgen“, unter großem Medienecho initiiert 2010 von der Galerie Raduart, erreicht in diesem Jahr einen neuen Höhepunkt.</strong></p>



<p>Sieben zeitgenössische Künstler aus Siebenbürgen zeigen in einer gemeinsamen Ausstellung Malerei, Grafik und Skulpturen.</p>



<p>Was hat diesmal die siebenbürgische Gruppe Neues zu bieten? Seit mindestens 40 Jahren wird experimentiert und entwickelt: Manchmal fotorealistisch, teils humorvoll-ironisch, unter dem Einsatz von sanft-zurückhaltenden Farben oder elegant-abstrakten Illusionen.</p>
</div></div>



<p>Die eindrucksvolle Vielfalt der ausgestellten Kunstwerke ist ein echter Beweis für die Diversität und Komplexität einer spannenden Welt von Künstlern aus einem ehemals von Deutschland geprägten Kulturkreis.</p>



<p>Die Ausstellung bietet die Gelegenheit einzigartige Farben, Formen, Kontraste und Reliefs im Original zu entdecken. Die Eindrücke und die Vielfalt der Ausstellung halten im Betrachter noch lange nach.</p>



<p>Zu dem ausstellenden Künstler gehören: Helmut von Arz, Fănică Balan, Carmen Eminger, Marianne Ganea, Iustinian Ghită, Radu Maier, Detlev von Steinburg.</p>

</div></div>

<p>Das überaus erfolgreiche Projekt „Künstler aus Siebenbürgen“, unter großem Medienecho initiiert 2010 von der Galerie Raduart, erreicht in diesem Jahr einen neuen Höhepunkt. Sieben zeitgenössische Künstler aus Siebenbürgen zeigen in einer gemeinsamen Ausstellung Malerei, Grafik &#8230; </p>
<p class="read-more-container"><a title="Künstler aus Siebenbürgen, Edition II" class="read-more button" href="https://raduart.com/ro/events/gruppenausstellung-kuenstler-aus-siebenbuergen-2/#more-20145" aria-label="Citește mai multe despre Künstler aus Siebenbürgen, Edition II">Read more</a></p>
