{"id":18920,"date":"2017-10-14T10:26:00","date_gmt":"2017-10-14T08:26:00","guid":{"rendered":"https:\/\/raduart.com\/?post_type=events&#038;p=18920"},"modified":"2024-02-27T13:58:42","modified_gmt":"2024-02-27T12:58:42","slug":"kunstausstellung-landkreis-furstenfeldbruck-21","status":"publish","type":"events","link":"https:\/\/raduart.com\/ro\/events\/kunstausstellung-landkreis-furstenfeldbruck-21\/","title":{"rendered":"18. Kunstausstellung des Landkreises F\u00fcrstenfeldbruck"},"content":{"rendered":"\n<figure class=\"gb-block-image gb-block-image-54790312\"><img decoding=\"async\" width=\"721\" height=\"1000\" class=\"gb-image gb-image-54790312\" src=\"https:\/\/raduart.com\/wp-content\/uploads\/Kunstausstellung-Landkreis-Fuerstenfeldbruck-2017-Info.jpg\" alt=\"- | Galerie RADUART\" title=\"Kunstausstellung des Landkreises F\u00fcrstenfeldbruck\" srcset=\"https:\/\/raduart.com\/wp-content\/uploads\/Kunstausstellung-Landkreis-Fuerstenfeldbruck-2017-Info.jpg 721w, https:\/\/raduart.com\/wp-content\/uploads\/Kunstausstellung-Landkreis-Fuerstenfeldbruck-2017-Info-216x300.jpg 216w, https:\/\/raduart.com\/wp-content\/uploads\/Kunstausstellung-Landkreis-Fuerstenfeldbruck-2017-Info-400x555.jpg 400w, https:\/\/raduart.com\/wp-content\/uploads\/Kunstausstellung-Landkreis-Fuerstenfeldbruck-2017-Info-600x832.jpg 600w\" sizes=\"(max-width: 721px) 100vw, 721px\"><\/figure>\n","protected":false},"excerpt":{"rendered":"<p>Gruppenausstellung in F\u00fcrstenfeldbruck: Er\u00f6ffnung am 13. Oktober 2017, 19:30 Uhr. Die Ausstellung fand in der Zeit vom 14.10 &#8211; 29.10.2017 im Kunsthaus F\u00fcrstenfeldbruck statt. Der K\u00fcnstler Radu-Anton Maier pr\u00e4sentierte eine gro\u00dfformatige Arbeite.<\/p>\n","protected":false},"featured_media":19976,"menu_order":0,"template":"","format":"standard","meta":{"_acf_changed":false,"pgc_sgb_lightbox_settings":"","footnotes":""},"schedule":[123],"kategorien":[126],"class_list":["post-18920","events","type-events","status-publish","format-standard","has-post-thumbnail","hentry","schedule-archiv","kategorien-gruppenausstellung","infinite-scroll-item"],"acf":[],"_links":{"self":[{"href":"https:\/\/raduart.com\/ro\/wp-json\/wp\/v2\/events\/18920","targetHints":{"allow":["GET"]}}],"collection":[{"href":"https:\/\/raduart.com\/ro\/wp-json\/wp\/v2\/events"}],"about":[{"href":"https:\/\/raduart.com\/ro\/wp-json\/wp\/v2\/types\/events"}],"version-history":[{"count":5,"href":"https:\/\/raduart.com\/ro\/wp-json\/wp\/v2\/events\/18920\/revisions"}],"predecessor-version":[{"id":19981,"href":"https:\/\/raduart.com\/ro\/wp-json\/wp\/v2\/events\/18920\/revisions\/19981"}],"wp:featuredmedia":[{"embeddable":true,"href":"https:\/\/raduart.com\/ro\/wp-json\/wp\/v2\/media\/19976"}],"wp:attachment":[{"href":"https:\/\/raduart.com\/ro\/wp-json\/wp\/v2\/media?parent=18920"}],"wp:term":[{"taxonomy":"schedule","embeddable":true,"href":"https:\/\/raduart.com\/ro\/wp-json\/wp\/v2\/schedule?post=18920"},{"taxonomy":"kategorien","embeddable":true,"href":"https:\/\/raduart.com\/ro\/wp-json\/wp\/v2\/kategorien?post=18920"}],"curies":[{"name":"wp","href":"https:\/\/api.w.org\/{rel}","templated":true}]}}

18. Kunstausstellung des Landkreises Fürstenfeldbruck

<figure class="gb-block-image gb-block-image-54790312"><img decoding="async" width="721" height="1000" class="gb-image gb-image-54790312" src="https://raduart.com/wp-content/uploads/Kunstausstellung-Landkreis-Fuerstenfeldbruck-2017-Info.jpg" alt="- | Galerie RADUART" title="Kunstausstellung des Landkreises Fürstenfeldbruck" srcset="https://raduart.com/wp-content/uploads/Kunstausstellung-Landkreis-Fuerstenfeldbruck-2017-Info.jpg 721w, https://raduart.com/wp-content/uploads/Kunstausstellung-Landkreis-Fuerstenfeldbruck-2017-Info-216x300.jpg 216w, https://raduart.com/wp-content/uploads/Kunstausstellung-Landkreis-Fuerstenfeldbruck-2017-Info-400x555.jpg 400w, https://raduart.com/wp-content/uploads/Kunstausstellung-Landkreis-Fuerstenfeldbruck-2017-Info-600x832.jpg 600w" sizes="(max-width: 721px) 100vw, 721px"></figure>

<p>Gruppenausstellung in Fürstenfeldbruck: Eröffnung am 13. Oktober 2017, 19:30 Uhr. Die Ausstellung fand in der Zeit vom 14.10 &#8211; 29.10.2017 im Kunsthaus Fürstenfeldbruck statt. Der Künstler Radu-Anton Maier präsentierte eine großformatige Arbeite.</p>
